f?
5
Let q be (-105)/75 - 727/(-5). Suppose 5*g - 2554 + q = 0. What is the units digit of g?
2
Suppose 51*w - 81213 - 290832 = 0. What is the hundreds digit of w?
2
Suppose v = -4*l + 8*l - 209, 3*v + 150 = 3*l. Let o(j) = -j**3 + 6*j**2 + 7*j + 5. Let i be o(7). Suppose i*f + l = 313. What is the tens digit of f?
5
Let v(u) = u**2 + u - 1. Let p(c) = -7*c**2 - 4*c + 9. Let x(f) = -p(f) - 6*v(f). Let k be x(2). What is the units digit of (16/k)/(14/(-21))?
8
Suppose 4*w = 2*g + 2*w + 68, 2*w = 3*g + 100. Let c = 35 + g. Suppose -2*v + 8 = 0, 0*v + v - 103 = -c*o. What is the tens digit of o?
3
Let y = -2340 - -2693. What is the tens digit of y?
5
Let d(i) = 30*i**2 - i + 4. Suppose 9*g + g = 60. Let y(j) = j**3 - 6*j**2 - 2*j + 10. Let x be y(g). What is the tens digit of d(x)?
2
Suppose 24728 = -99*z + 107*z. Let g = -2147 + z. What is the tens digit of g?
4
Suppose -4*j - y + 49 = -187, 3*y + 12 = 0. Let k = -60 + j. Suppose k = -5*x + x + 344. What is the units digit of x?
6
Let s be 1/(-1)*2 + 4. Suppose -2*f = 5*i + 230, i = -f + s*i - 129. Let c = 209 + f. What is the tens digit of c?
8
Suppose -14*c - 10644 = -41906. Let w = c + -852. What is the units digit of w?
1
Let t(s) = -2 + 485*s - 32*s**2 + 469*s**2 - 239*s - 244*s. What is the tens digit of t(1)?
3
Suppose 14*l + 871 = 9061. Suppose -132*b = -135*b + l. What is the tens digit of b?
9
Let a be -40*1/(-2) - 5. Let v be (a/(-2))/((-6)/12). Suppose -v*s + 284 = -13*s. What is the units digit of s?
2
Let j = -6010 + 8438. Suppose 3*d + y = 3638, -3*y + 5*y = -2*d + j. What is the units digit of d?
2
Let n(o) = 2*o**2 + 37*o - 57. Let g be n(-20). Let f(i) = 22*i + 2. Let j(u) = -u. Let b(w) = 2*f(w) + 6*j(w). What is the units digit of b(g)?
8
What is the units digit of 17071 - ((-3)/(-15))/(-11 + 216/20)?
2
Let d = -406 + -1167. Let x = d - -2859. What is the thousands digit of x?
1
Let x = 2313 + 21515. What is the hundreds digit of x?
8
Let w = 3101 + -1743. Suppose -2*x - 2*f + w = 174, -2*x + 1181 = -f. What is the units digit of x?
1
Suppose 7*t - 104864 = 5*w, 3*w - 2303 = t - 17295. What is the thousands digit of t?
4
Suppose -3*p + 10636 + 6839 - 1290 = 0. What is the hundreds digit of p?
3
Suppose -37 = -8*y + 43. Suppose y = -4*z + 6, 0 = -f + 4*z + 21. What is the tens digit of f?
1
Let v = 94 + -75. Let y = v - 23. What is the tens digit of 16/(-2)*81/y?
6
Let x(c) = 18*c**3 - 3*c**2 + 4. Let l be x(2). Suppose 146*f = l*f + 6280. What is the tens digit of f?
2
Let k = -10 + 14. Suppose -7*t - k*p + 650 = -6*t, 0 = t + p - 635. What is the tens digit of t?
3
Let y(t) = 2*t**3 + 9*t**2 - 17*t - 6. What is the tens digit of y(14)?
0
Let q(p) = p**3 + 16*p**2 + 22*p - 4. Let x be q(-11). Let a = 87 - x. Let f = a - -431. What is the units digit of f?
9
Suppose 25*n - 32*n + 1057 = 0. Suppose -167 = -i + 3*z, 3*i - 2*i - n = -z. What is the tens digit of i?
5
Let z = 53190 + -33300. What is the ten thousands digit of z?
1
Let o(v) = -7*v + 25. Suppose 5*f = -2*n + 12, -3*f + 3 = n - 2. Let c(b) = -22*b + 77. Let l(h) = n*o(h) - 4*c(h). What is the tens digit of l(9)?
6
Let i be 76/19 - (0 - -1). Suppose -6*k + 2*k + 36 = 5*m, -4*m = -i*k - 4. Suppose -k*h = -117 - 39. What is the tens digit of h?
3
Let w(g) = -14*g + 59*g + 8 + 30*g + 11*g. Let f = 26 + -24. What is the tens digit of w(f)?
8
Let k = -1790 - -3983. Let n = -1243 + k. What is the tens digit of n?
5
Let c(u) = -3*u**3 - u**2 + u - 1. Let b(q) = -8*q**3 - 11*q**2 + 15*q - 24. Let j(g) = b(g) - 4*c(g). What is the tens digit of j(6)?
5
Suppose -5*s + 60640 = 5*w, 941*w = 2*s + 939*w - 24248. What is the hundreds digit of s?
1
Let m(w) = 8*w**2 - 68*w - 12. Let c be m(22). Suppose 5*j = 7*j - c. What is the hundreds digit of j?
1
Let u(j) = -470*j - 181. What is the hundreds digit of u(-5)?
1
Let w(a) = a**3 + 18*a**2 + 15*a - 24. What is the tens digit of w(-11)?
5
Let w = 16890 - 4648. What is the ten thousands digit of w?
1
Suppose -5*m = -2*q - 212921, 3*q - q = 18*m - 766552. What is the tens digit of m?
8
What is the hundreds digit of ((-426)/(-8))/(8*(-8)/(-16896))?
0
Suppose i - 157 = 389. Let l = i + 88. What is the tens digit of l?
3
Let k(a) be the third derivative of a**5/60 + 11*a**4/12 - a**3 + 66*a**2. What is the tens digit of k(-34)?
0
Let o be 623 + (-4)/4 - 3. Suppose -2*w + 37 = -o. What is the units digit of w?
8
Let o(n) = n**2 + 19*n - 140. Let z be o(6). What is the units digit of 10*(-3 + (-4 - (-795)/z))?
5
Let f(y) be the first derivative of -3*y - 20 + 29/2*y**2. What is the units digit of f(4)?
3
Suppose 0 = -8*p - 55 - 25. Let f = 21 + p. Suppose -145 + 57 = -f*n. What is the units digit of n?
8
Suppose 36*w = 22*w - 49*w + 2623950. What is the ten thousands digit of w?
4
Suppose -8*q = -7*q - 36. Let w = q + -136. Let n = w + 244. What is the hundreds digit of n?
1
Let w(o) be the second derivative of 0 + 8*o**2 + 1/12*o**4 + 2/3*o**3 - 9*o. What is the units digit of w(-4)?
6
Let v = 22691 - -1533. Suppose 109*y - 93*y - v = 0. What is the thousands digit of y?
1
Let d(j) = 516*j**2 + 166*j + 812. What is the thousands digit of d(-5)?
2
Suppose 0 = -4*g - 5*a + 29701, -2*a - 26976 = -4*g + 2718. What is the hundreds digit of g?
4
Suppose -3878 = -2*i - 494. Suppose -6*l + i = 540. What is the tens digit of l?
9
Suppose 5*y - 45 = -0*y. Suppose 4*m - m = y. Suppose 4*c + 160 = m*z, 5*c - 5 = 20. What is the units digit of z?
0
Suppose 7379*p - 7364*p = 137400. What is the tens digit of p?
6
Let h(i) be the first derivative of -3*i**3/2 - 8*i**2 - 42*i - 47. Let y(l) be the first derivative of h(l). What is the units digit of y(-7)?
7
Suppose 0 = -126*n - 126*n + 230*n + 14014. What is the tens digit of n?
3
What is the tens digit of ((-3999450)/56)/(-13) + (-1)/(-4)?
9
Let x = 12292 + -3305. What is the tens digit of x?
8
Let i(f) = 24*f**3 - f**2 + 5*f + 81. What is the tens digit of i(10)?
3
Let q(d) = -d**3 + 23*d**2 + 6*d - 74. Let l be q(23). Suppose -l = -3*g - n + 53, 2*n = 4*g - 166. What is the units digit of g?
0
Let s(l) be the third derivative of -41*l**4/24 + 22*l**3/3 - 123*l**2. What is the thousands digit of s(-34)?
1
What is the thousands digit of -3 + 0/2 - (-56657 + -2)?
6
Let l(j) be the first derivative of -j**4/4 + j**3/3 + j**2/2 + 8*j - 378. Suppose 5*n - 25 = -r, 0 = -r - 3*n + n + 10. What is the units digit of l(r)?
8
Let m = 104627 - 55316. What is the ten thousands digit of m?
4
Suppose -8*g - 4*g = 0. What is the units digit of 3 + g - (-384 - -1)?
6
Suppose 0 = 16*h - 0*h - 64. Suppose 0 = h*u + g - 910, 7*u = 6*u - 3*g + 233. What is the units digit of u?
7
Let p = 3667 + -2606. Suppose 3*s = 4*z + 623, -3*s + p = 2*s - z. Let m = 310 - s. What is the tens digit of m?
9
Let b = 5 - 25. Suppose 0 = -8*c + 5*c - 5*t - 14, c - 14 = 3*t. What is the hundreds digit of -2*c/b + (-11676)/(-70)?
1
Let l be (-25956)/(-15) - -6 - (-2)/(-5). Suppose 9*f = l - 44. What is the units digit of f?
8
What is the tens digit of (-2)/(-10)*4317 + (-429)/(-715)?
6
Let y = 5146 - -9015. What is the hundreds digit of y?
1
What is the hundreds digit of (-8 - 390/(-50)) + (-125448)/(-15)?
3
Let y be 5/(20/(-8)) + (-149495)/(-5). Suppose 61*r - 11278 = y. What is the tens digit of r?
7
Let k(j) = 26*j**3 + 5*j**2 + 156*j - 1392. What is the units digit of k(10)?
8
Suppose 238*y = 202*y + 157572. What is the units digit of y?
7
Let s(w) = w**3 + 59*w**2 - 42*w + 455. What is the thousands digit of s(-58)?
6
Let i be -2*(0 + 20/(-8)). Suppose 63 = i*h - 2*h. Suppose -h*w + 19*w = -36. What is the tens digit of w?
1
Suppose 7*p - 12*p = -35. Suppose 2*b - 1884 = -3*x, -4*x - p*b = -8*b - 2501. What is the tens digit of x?
2
Let p(o) be the third derivative of 7*o**5/60 + 5*o**4/24 - 41*o**3/6 - 59*o**2. What is the hundreds digit of p(-8)?
3
Let m(n) = n**2 + 23*n + 60. Let l be m(-22). What is the tens digit of (l/2 - 3)*105/10?
6
Let g = -331 - -320. What is the hundreds digit of 130 - (3 + g - -5)?
1
What is the tens digit of 3/14 - 52951096/(-1232)?
8
Suppose 5*k - 18*k = -52. Suppose -336 = -3*a + 3*y, y = -k*a - y + 424. Suppose 0 = -4*p + a + 72. What is the units digit of p?
5
Suppose 42*i - 36*i = 1524. Let q = -66 + i. What is the hundreds digit of q?
1
Suppose -